= 2*t. What are the prime factors of t?
139
Let j = -172 - -946. List the prime factors of j.
2, 3, 43
Let r be (24/18)/(2/(-3)). Let l(y) = y**2 + y. Let a be l(r). Suppose a*g - 150 = -g. List the prime factors of g.
2, 5
Let c(x) = -x**2 + 34*x - 22. Let k = 143 + -132. List the prime factors of c(k).
3, 7, 11
Let b(i) = i + 12. Let o be b(-5). Suppose -r + 6*y + o = 2*y, -13 = -5*r - 2*y. Suppose -r*g - d + 50 = 0, -g + 4*d + 0 = 5. What are the prime factors of g?
3, 5
Let d(v) = -4*v + 2*v + 8 - v - 3*v. Let u be d(-10). Suppose 0 = 3*t + 2*m - u, 3*m = -2*t + 5*m + 52. List the prime factors of t.
2, 3
Suppose 0 = -2*j - 0*j - 5*b + 323, 20 = 4*b. What are the prime factors of j?
149
Let b = 32 - 36. List the prime factors of ((-2)/b)/(-3 + (-1695)/(-564)).
2, 47
Let s(l) = -l**2 + 5*l + 6. Let c be s(6). What are the prime factors of 1*(c + 1) + (-23 - -117)?
5, 19
Suppose -109 - 46 = -5*j. List the prime factors of j.
31
Suppose 0 = 4*y + 5*a - 35, 0 = -4*y - a + 2*a + 17. Suppose -52 = 5*v - y*q + 8, 0 = -v - 3*q - 32. Let z = v + 20. What are the prime factors of z?
3
Suppose m + m - 2*f = 4, 5*m + f - 16 = 0. Suppose m*b - 429 = -2*n, 2*n - 13*b + 11*b - 434 = 0. What are the prime factors of n?
2, 3
Let c be 60/36 + (-4)/(-3). Suppose 3*t = l + 133, c*l = 5*t - 2*l - 225. What are the prime factors of t?
2, 11
Suppose 0 = -14*j - 10*j + 4176. List the prime factors of j.
2, 3, 29
Suppose 2*a - 3*a + 568 = 4*t, 5*t - 25 = 0. List the prime factors of a.
2, 137
Let r = -40 - -135. Suppose d + k + r = -2*d, -5*k = 25. Let a = -17 - d. List the prime factors of a.
13
Suppose 5*q - 2 = -2*u - 22, 3*u + 5*q + 20 = 0. Suppose u = -4*t + 120 + 64. What are the prime factors of t?
2, 23
What are the prime factors of 12/(-48) - (-417)/4?
2, 13
Suppose -79 = a + 63. Let y = 253 + a. List the prime factors of y.
3, 37
Let o(u) = u**2 + 4*u + 550. List the prime factors of o(0).
2, 5, 11
Let v(u) = u**3 - 8*u**2 - 8*u - 30. List the prime factors of v(13).
3, 79
Suppose -2*j = -9*j + 5551. List the prime factors of j.
13, 61
Let w(z) = z**2 - 4*z - 13. Let g be w(6). List the prime factors of ((-14)/3)/(g/9).
2, 3, 7
Let v = 305 + -301. List the prime factors of v.
2
Let k(r) = 2*r + 1. Let l be k(-2). Let q = 3 - 2. List the prime factors of (-4 + l + 38)/q.
31
Suppose -c = -4*c. Suppose -y = 5*p - c - 7, 7 = y - 4*p. Let m = y - -28. List the prime factors of m.
5, 7
Let h be ((-15)/(-10))/((-9)/(-12)). Let s be (h - (-52)/(-8))*26. List the prime factors of s/(-2) + 3/(-2).
3, 19
Suppose -2*n = -4*n. Suppose 3*w - 3*v - v + 5 = n, -2*v = 4*w - 30. Let s(t) = t. List the prime factors of s(w).
5
Let k be (-226)/(-10) + 3/(-5). Let b be k + 5/(20/12). Suppose 5*i - 2*i + 2*g = 53, 0 = 3*i - 5*g - b. List the prime factors of i.
3, 5
Let o be 2*(-3)/6 - (-915)/3. Suppose 3*j - j + 5*c = 166, -4*j + 4*c + o = 0. List the prime factors of j.
2, 3, 13
Let s be 0*(5 + -3)/4. Let p(n) = -3*n + 7. What are the prime factors of p(s)?
7
Let v = 3715 + -2185. List the prime factors of v.
2, 3, 5, 17
Let j(z) = z**3 + 7*z**2 - 14*z + 38. List the prime factors of j(-9).
2
Let i(k) be the first derivative of -k**4/4 + k**3/3 + k**2/2 - 20*k + 3. Let y be i(0). Let z = 6 - y. List the prime factors of z.
2, 13
Let h be (6/10)/(3/30). List the prime factors of h/45 - (-2426)/30.
3
Let n(c) be the first derivative of -c**3/3 + 5*c**2 + 4*c + 11. List the prime factors of n(6).
2, 7
Let m(q) = -8*q**2 + 15*q - 10. Let d(f) = -4*f**2 + 7*f - 5. Let s(u) = -9*d(u) + 4*m(u). What are the prime factors of s(2)?
3, 5
Let m = 17 - 5. Suppose 5*d + 10 = j - 6*j, 5*d + 4*j + m = 0. Let g = d + 16. List the prime factors of g.
2, 3
Suppose -135 = -3*p + 42. List the prime factors of (p + 1)/4 + 4.
19
Suppose -o + 10 = 4*o. Let k be (-4 - (1 + -5))/o. Suppose 5*c - 23 - 22 = k. What are the prime factors of c?
3
Let j(b) = 2*b**3 - 6*b**2 - 5*b - 10. Let m be j(8). Let y = m - 305. List the prime factors of y.
3, 5, 19
Let y(f) = 6*f**3 - 20*f**2 + f + 20. What are the prime factors of y(7)?
5, 13, 17
Suppose 5*g = -3*s + 140, -g - g = -s - 45. Let i = 50 + -12. Let p = i - g. What are the prime factors of p?
13
Let r(u) = 38*u + 6 - 1 - 7 + 0. List the prime factors of r(5).
2, 47
Let k(b) = -3*b**3 - 29*b**2 - 7*b. What are the prime factors of k(-12)?
2, 3, 7, 13
Let z = 34 - 119. Let n = z - -152. List the prime factors of n.
67
Let h(r) = -351*r + 25. What are the prime factors of h(-9)?
2, 199
Let i be (-7)/(-42) + 98/(-12). Let w(u) = -u**3 - 7*u**2 + 11*u + 8. Let a be w(i). What are the prime factors of 8*(-2 - a/4)?
2
Let o = 3271 - 1620. List the prime factors of o.
13, 127
Let r(s) = s + 25. Let j be r(-7). Let f = 22 - j. What are the prime factors of f?
2
Suppose -762*v - 3945 = -767*v. What are the prime factors of v?
3, 263
What are the prime factors of (-5 + (-729)/(-45))*(-370)/(-4)?
2, 7, 37
Let s(i) = -84*i - 27. What are the prime factors of s(-5)?
3, 131
List the prime factors of (1 + 81)/((-1908)/192 + 10).
2, 41
Let j(n) = n**3 - 10*n**2 - 25*n + 31. Suppose 8*h + 130 = 18*h. What are the prime factors of j(h)?
3, 71
List the prime factors of ((-10605)/175)/((-1)/30).
2, 3, 101
Let i(a) = 8*a**2 - 9*a - 4. What are the prime factors of i(8)?
2, 109
Suppose -4*k - 2*w + 15 - 1 = 0, 5*w - 17 = -4*k. Let m(b) = 2*b**2 - 7*b + 3. Let z be m(k). Suppose z*r = -3*r + 105. List the prime factors of r.
5, 7
Let m(x) = x**3 - 7*x**2 - 8*x + 14. Let d be m(8). Suppose -d*y = -11*y - 111. List the prime factors of y.
37
Let k(b) = 2*b**2 + 5*b + 12. Suppose 0 = -2*c + c + 2*l - 1, 2*l - 15 = 3*c. What are the prime factors of k(c)?
3, 5
Let j = -61 - -61. Suppose j = -3*k - 0*k - 3, 2*h - 5*k - 283 = 0. List the prime factors of h.
139
Let s(i) = i**3 + 31*i**2 + 36*i + 160. List the prime factors of s(-27).
2, 263
Let p be (-1)/(-1) + (114 - -6). Let k = p - 73. Suppose 2*u + 0*u = k. List the prime factors of u.
2, 3
Let a = 4808 - 1482. List the prime factors of a.
2, 1663
Suppose a + 5*w = 6*a, 2*a - 6 = -w. Let z be 306/(-8) + a/8. Let n = z + 63. List the prime factors of n.
5
Suppose -k - 12*k + 130 = 0. Suppose k*f - 1118 = -3*f. What are the prime factors of f?
2, 43
What are the prime factors of -6 + 84/15 + (-7884)/(-10)?
2, 197
Suppose -5*r = -7*r + o + 122, 5*r - 3*o = 304. List the prime factors of r.
2, 31
Let m(r) = r + 4. Let c be m(-4). Suppose -j + 110 - 30 = c. Suppose -3*f + 4*d + j = -17, -165 = -5*f + 5*d. What are the prime factors of f?
5, 7
Let p(v) = 7*v - 26. Let f be p(4). Suppose 3*a - 102 = -f*k, k - 6*a = -a + 64. What are the prime factors of k?
2, 3
Let c = -1627 + 1684. What are the prime factors of c?
3, 19
Suppose -317 = -6*t + 247. Let n = t - 49. List the prime factors of n.
3, 5
Let v be 16/(-56) + (-30)/(-7). Let c = v + 3. Let g(w) = w**2 - 3*w - 7. What are the prime factors of g(c)?
3, 7
Suppose 2*p + 7*i = 4*i - 5, 2*p + 3 = -i. What are the prime factors of (2/4)/(1/(-338))*p?
13
Let l(t) = 9*t**2 + 6*t - 30. Let y be l(-7). Suppose i - y = -2*b, -b + 0*b + 187 = i. List the prime factors of b.
2, 7, 13
Let h(y) = y**3 - 7*y**2 - 6*y - 2. Let b = 0 + 8. Let k be h(b). Suppose 0 = -v - 3, -f + 2*v + k = -1. List the prime factors of f.
3
Let h(b) = b + 15. Let v be h(-10). Suppose v*z - 54 = 106. What are the prime factors of z?
2
Let g(n) = -n**2 + 18*n + 4. Let r be g(18). Suppose -68 = -r*p + 720. What are the prime factors of p?
197
What are the prime factors of 1531 + (9 + -11 - (2 - 0))?
3, 509
Let p(b) = -15*b - 1. Let x(a) = 14*a + 1. Let r(t) = 4*p(t) + 3*x(t). List the prime factors of r(-3).
53
Suppose -o = 5*s - 15, 2*s = -1 + 3. Suppose -2 + o = 2*p. Suppose -p*q = -9*q + 45. What are the prime factors of q?
3
Suppose -142*u + 164*u - 24442 = 0. List the prime factors of u.
11, 101
Let m = -1 + 16. Suppose 8*n - 5*n = m. Let h(y) = y**3 - 2*y**2 - 9*y - 6. What are the prime factors of h(n)?
2, 3
Suppose 765 = 3*f + 6*a - 4*a, -3*f + 771 = 4*a. What are the prime factors of f?
11, 23
Let u(k) = k**2 + 2*k + 2. Let n = -11 + 2. Let m be 30/n*24/(-20). List the prime factors of u(m).
2, 13
Suppose -3*g - 2*h = -235, -g + h + 166 = g. Suppose 7*w - 171 = g. What are the prime factors of w?
2, 3
L